he units digit of 11925?
5
What is the tens digit of 1502?
0
What is the hundreds digit of 119295?
2
What is the tens digit of 5605?
0
What is the hundreds digit of 4742?
7
What is the units digit of 85?
5
What is the thousands digit of 1420?
1
What is the hundreds digit of 75973?
9
What is the hundreds digit of 30875?
8
What is the ten thousands digit of 46020?
4
What is the hundreds digit of 155684?
6
What is the tens digit of 1589?
8
What is the ten thousands digit of 49008?
4
What is the ten thousands digit of 21416?
2
What is the ten thousands digit of 141567?
4
What is the tens digit of 3751?
5
What is the units digit of 50857?
7
What is the thousands digit of 1058?
1
What is the units digit of 6091?
1
What is the hundreds digit of 1487?
4
What is the units digit of 5497?
7
What is the tens digit of 4625?
2
What is the units digit of 26313?
3
What is the units digit of 3432?
2
What is the tens digit of 16536?
3
What is the tens digit of 997?
9
What is the tens digit of 32494?
9
What is the tens digit of 7084?
8
What is the thousands digit of 1495?
1
What is the units digit of 7920?
0
What is the thousands digit of 1246?
1
What is the thousands digit of 4549?
4
What is the tens digit of 1435?
3
What is the units digit of 5676?
6
What is the ten thousands digit of 54500?
5
What is the units digit of 7746?
6
What is the thousands digit of 1209?
1
What is the tens digit of 8683?
8
What is the thousands digit of 3000?
3
What is the tens digit of 7994?
9
What is the units digit of 19369?
9
What is the units digit of 5200?
0
What is the tens digit of 7505?
0
What is the units digit of 930?
0
What is the units digit of 532?
2
What is the tens digit of 1574?
7
What is the hundreds digit of 826?
8
What is the hundreds digit of 9909?
9
What is the tens digit of 9907?
0
What is the hundreds digit of 3283?
2
What is the ten thousands digit of 46599?
4
What is the units digit of 160?
0
What is the units digit of 5981?
1
What is the tens digit of 586?
8
What is the tens digit of 5349?
4
What is the hundreds digit of 499?
4
What is the hundreds digit of 4428?
4
What is the thousands digit of 16766?
6
What is the hundreds digit of 14712?
7
What is the tens digit of 4623?
2
What is the units digit of 579?
9
What is the hundreds digit of 5395?
3
What is the units digit of 726?
6
What is the tens digit of 2739?
3
What is the units digit of 65499?
9
What is the thousands digit of 15277?
5
What is the units digit of 34577?
7
What is the thousands digit of 27879?
7
What is the tens digit of 90494?
9
What is the ten thousands digit of 11048?
1
What is the tens digit of 2690?
9
What is the thousands digit of 35331?
5
What is the units digit of 796?
6
What is the tens digit of 3025?
2
What is the tens digit of 2152?
5
What is the units digit of 1798?
8
What is the units digit of 10767?
7
What is the tens digit of 61951?
5
What is the units digit of 102?
2
What is the units digit of 10749?
9
What is the hundreds digit of 47121?
1
What is the hundreds digit of 2204?
2
What is the units digit of 2006?
6
What is the ten thousands digit of 203017?
0
What is the hundreds digit of 64405?
4
What is the hundreds digit of 882?
8
What is the hundreds digit of 80531?
5
What is the hundreds digit of 9050?
0
What is the thousands digit of 5220?
5
What is the tens digit of 54830?
3
What is the tens digit of 46888?
8
What is the tens digit of 4997?
9
What is the hundred thousands digit of 114841?
1
What is the units digit of 10783?
3
What is the units digit of 82911?
1
What is the hundreds digit of 20253?
2
What is the tens digit of 920?
2
What is the units digit of 4227?
7
What is the hundreds digit of 6228?
2
What is the hundreds digit of 6393?
3
What is the ten thousands digit of 13332?
1
What is the units digit of 7838?
8
What is the units digit of 6429?
9
What is the hundreds digit of 16037?
0
What is the units digit of 52?
2
What is the ten thousands digit of 78384?
7
What is the units digit of 28322?
2
What is the hundreds digit of 16262?
2
What is the hundreds digit of 69755?
7
What is the thousands digit of 4397?
4
What is the units digit of 33775?
5
What is the tens digit of 20?
2
What is the hundreds digit of 2796?
7
What is the tens digit of 58656?
5
What is the hundreds digit of 88942?
9
What is the tens digit of 36938?
3
What is the ten thousands digit of 54608?
5
What is the units digit of 1568?
8
What is the thousands digit of 6084?
6
What is the ten thousands digit of 71528?
7
What is the hundreds digit of 2479?
4
What is the tens digit of 16103?
0
What is the hundreds digit of 1589?
5
What is the hundreds digit of 8793?
7
What is the hundreds digit of 819?
8
What is the hundreds digit of 2158?
1
What is the thousands digit of 3863?
3
What is the tens digit of 9888?
8
What is the thousands digit of 25994?
5
What is the thousands digit of 5639?
5
What is the units digit of 8205?
5
What is the hundreds digit of 472?
4
What is the tens digit of 7069?
6
What is the units digit of 4340?
0
What is the tens digit of 836?
3
What is the units digit of 45383?
3
What is the thousands digit of 37900?
7
What is the ten thousands digit of 58541?
5
What is the thousands digit of 2373?
2
What is the hundreds digit of 5896?
8
What is the thousands digit of 3960?
3
What is the hundreds digit of 2852?
8
What is the tens digit of 37149?
4
What is the thousands digit of 1953?
1
What is the thousands digit of 4468?
4
What is the hundreds digit of 920?
9
What is the thousands digit of 55639?
5
What is the hundreds digit of 217?
2
What is the thousands digit of 1814?
1
What is the hundreds digit of 37676?
6
What is the tens digit of 367?
6
What is the tens digit of 1902?
0
What is the hundreds digit of 7992?
9
What is the tens digit of 24579?
7
What is the units digit of 889?
9
What is the thousands digit of 1405?
1
What is the thousands digit of 54359?
4
What is the thousands digit of 12539?
2
What is the thousands digit of 40969?
0
What is the units digit of 894?
4
What is the hundreds digit of 157797?
7
What is the tens digit of 3851?
5
What is the thousands digit of 4726?
4
What is the hundreds digit of 785?
7
What is the hundreds digit of 10402?
4
What is the thousands digit of 31707?
1
What is the units digit of 4763?
3
What is the tens digit of 2622?
2
What is the hundreds digit of 2147?
1
What is the ten thousands digit of 82286?
8
What is the hundreds digit of 10646?
6
What is the tens digit of 3706?
0
What is the thousands digit of 1322?
1
What is the tens digit of 45791?
9
What is the units digit of 984?
4
What is the units digit of 6689?
9
What is the tens digit of 10261?
6
What is the thousands digit of 6802?
6
What is the units digit of 55051?
1
What is the units digit of 5118?
8
What is the thousands digit of 13708?
3
What is the units digit of 1598?
8
What is the hundreds digit of 52410?
4
What is the hundreds digit of 97623?
6
What is the tens digit of 20520?
2
What is the thousands digit of 1453?
1
What is the hundreds digit of 8594?
5
What is the hundreds digit of 34952?
9
What is the tens digit of 44591?
9
What is the units digit of 89431?
1
What is the hundreds digit of 3759?
7
What is the tens digit of 90?
9
What is the tens digit of 5441?
4
What is the units digit of 13882?
2
What is the hundreds digit of 38669?
6
What is the tens digit of 1281?
8
What is the thousands digit of 2140?
2
What is the tens digit of 1256?
5
What is the hundreds digit of 4208?
2
What is the units digit of 304?
4
What is the thousands digit of 45913?
5
What is the thousands digit of 2685?
2
What is the units digit of 33617?
7
What is the units digit of 74665?
5
What is the tens digit of 471?
7
What is the thousands digit of 1053?
1
What is the thousands digit of 2011?
2
What is the hundreds digit of 1022?
0
What is the tens digit of 4518?
1
What is the hundreds digit of 2601?
6
What is the thousands digit of 1472?
1
What is the ten thousands digit of 44816?
4
What is the tens digit of 70415?
1
What is the tens digit of 4346?
4
What is the tens digit of 73576?
7
What is the tens digit of 2527?
2
What is the units digit of 3953?
3
What is the units digit of 105445?
5
What is the ten thousands digit of 43015?
4
What is the units digit of 5131?
1
What is the hundreds digit of 28566?
5
